2. Let b = t + 21. Suppose -u = x - 6*u - 67, 94 = b*x - 2*u. List the prime factors of x.
2, 3, 7
Let c(f) = -f - 3. Let z be c(-4). Suppose -5*s + 3*g - 23 = -z, -2*s = 2*g - 4. List the prime factors of (-114)/(-42) - s/7.
3
Let y(x) = -35*x + 1. Let g be y(-2). Let s = -101 + g. Let b = s + 46. What are the prime factors of b?
2
Suppose -2*m - 3*j = -4700, -112*j = -108*j - 16. What are the prime factors of m?
2, 293
Let s(c) = -c**3 - 10*c**2 + 1. Let x(k) = -1. Let o(m) = -s(m) + 6*x(m). Let p be o(-10). Let b = 18 + p. List the prime factors of b.
11
Let o(x) = 4*x**2 - 6*x + 2. Suppose 42 = 4*g + 3*f, -5*f = 1 - 11. List the prime factors of o(g).
2, 17
Let p = 2737 - 1585. List the prime factors of p.
2, 3
Let o(f) = 10 - f**2 + 0 + 6*f**2 - f**2 + 3*f. What are the prime factors of o(-4)?
2, 31
Let u = -183 - -2279. What are the prime factors of u?
2, 131
Suppose -144 - 124 = 4*q. Let o = 175 + q. What are the prime factors of o?
2, 3
Let a = 721 - 310. List the prime factors of a.
3, 137
List the prime factors of (-616)/(-11)*(21/(-6))/(-1).
2, 7
Let x(m) = 24*m**2 + 54*m - 49. What are the prime factors of x(9)?
2381
Suppose -161*j + 197*j - 98964 = 0. What are the prime factors of j?
2749
Let i be ((-21)/(-4))/((-12)/(-112)). Suppose i = 3*l - 32. Suppose d - l = -0*d. List the prime factors of d.
3
Let i(c) = -c**3 + 3*c**2 - c. Let d(v) = -v**2 - 3*v. Let m be d(-2). Let w be i(m). What are the prime factors of 39/26 - (-1)/w?
2
Let p(b) be the third derivative of -b**5/60 - 5*b**4/24 - b**3/2 - 4*b**2. Let a be p(-2). Suppose -a*k + 18 = -132. List the prime factors of k.
2, 5
Let h = -42 - -72. Suppose x = 2*x - h. List the prime factors of x.
2, 3, 5
Let n(p) be the second derivative of -p**4/12 + 11*p**3/3 + 27*p**2/2 - 22*p. What are the prime factors of n(16)?
3, 41
Let t = 112 - 76. Let i be (-1)/(-2) + 125/(-10). Let g = i + t. List the prime factors of g.
2, 3
Suppose -2*l = -4*y + 298, 4*l - 174 = -4*y + 2*y. Suppose 12*p + 0 = -528. Let i = y + p. List the prime factors of i.
3, 11
Suppose 0 = -2*s + 8*s + 96. Let f = -14 - s. Suppose f*u - 11 = 21. List the prime factors of u.
2
Suppose 0 = 2*i + j - 238, -2*j = -16*i + 19*i - 356. What are the prime factors of i?
2, 3, 5
Suppose -20*p = -21*p + 41. Let h = p - 9. What are the prime factors of h?
2
Let v(u) = 9*u**2 + 58*u + 17. List the prime factors of v(-10).
337
Suppose 638 = 5*k + n, 248 = -10*k + 12*k + 4*n. What are the prime factors of k?
2
Let r be ((-2)/6)/((-5)/75). Let q be (-9)/(0 - 3/39). Suppose -2*z - q = -r*z. What are the prime factors of z?
3, 13
Let y = 38 + -11. Suppose -y = -d + 40. List the prime factors of d.
67
Suppose 19360 - 260 = 10*v. What are the prime factors of v?
2, 5, 191
List the prime factors of (148792/(-84))/((-2)/6).
2, 2657
What are the prime factors of -6*(-40 + -15)*7/2?
3, 5, 7, 11
Let w be 50/4*812/35. Let b be w/4 + (-2)/(-4). Let a = b + -18. What are the prime factors of a?
5, 11
Suppose 0 = -l + 7. Suppose -2*y + y = -l. What are the prime factors of y?
7
Let l = 48 - 40. Suppose -2*n - 690 = -l*n. List the prime factors of n.
5, 23
Suppose 4*k = 9 - 1. Suppose -2*m = 5*u + k*m - 25, 0 = -u + 3*m - 14. What are the prime factors of (-3 - 1*-26)*u?
23
Let i(s) = s**2 - 4*s - 12. Let r be i(6). Suppose r = -3*w + m + 153 + 65, -m = -2*w + 146. List the prime factors of w.
2, 3
Let i = -27 - 20. Let s = i - -173. List the prime factors of s.
2, 3, 7
Let f = 29 + -28. List the prime factors of 68 - (1/f + -1).
2, 17
Suppose -91*a = -94*a + 4818. What are the prime factors of a?
2, 11, 73
What are the prime factors of 1006/(-4)*(-38 - -36)?
503
Let w(a) = -a**3 + 9*a**2 + 8*a. Let s(i) = i**3 - 9*i**2 - 9*i. Let j(o) = 5*s(o) + 6*w(o). Let u be j(9). Let v = -15 + u. What are the prime factors of v?
2, 3
Suppose -753 = -4*g + 5*z, -3*g - 5*z + 521 = -0*z. Let j = g + -79. What are the prime factors of j?
103
Suppose 4 = 3*w + 4. Suppose 2*m + w*m = 310. What are the prime factors of m?
5, 31
Suppose 3*n - 2 - 7 = 0. What are the prime factors of -1*n/(3 + -5 - -1)?
3
Let y = 175 - -32. What are the prime factors of y?
3, 23
Let p be 2 + -5 + (-5 - -198). Let x = p - 39. List the prime factors of x.
151
Let c(f) = 5*f**2 + 27. What are the prime factors of c(-7)?
2, 17
Let a(r) = -1052*r**3 - r**2 - 13*r - 12. List the prime factors of a(-1).
2, 263
Let k(s) = -13*s**3 - 4*s**2 - 2*s + 2. Suppose -5*d + 0 = 10. What are the prime factors of k(d)?
2, 47
Let b be 2 + -21 + (-15)/(-5). Let f = -12 - b. List the prime factors of f.
2
Suppose -3*o = -701 - 697. List the prime factors of o.
2, 233
Let q be (8/(-3))/(20/(-90)). Let w(k) = -3*k**2 + q*k + 18 + k - k**3 + 2*k**2 - 10*k**2. List the prime factors of w(-12).
2, 3
Let r(u) = 5*u**2 - 3 + 6*u**2 + 6*u - 1 + u**3. What are the prime factors of r(-10)?
2, 3
Let r = 417 - 228. Suppose -c = -4*c + r. Suppose -a = 5 - c. List the prime factors of a.
2, 29
List the prime factors of (-2)/2 + 1715/7.
2, 61
Let y(q) = -12*q + 0 + 1 - 4*q - q. What are the prime factors of y(-2)?
5, 7
Suppose -3*w = -4*k + 20, 0*k + 4*k + 2*w = 0. Suppose -f + 132 = k*f. What are the prime factors of f?
2, 11
Let f(z) be the second derivative of -z**6/60 - z**5/60 + z**4/24 - 2*z**2 - 3*z. Let u(k) be the first derivative of f(k). What are the prime factors of u(-2)?
2, 5
Let o(n) = -35*n + 158. What are the prime factors of o(-43)?
1663
Let l = 1365 - 687. List the prime factors of l.
2, 3, 113
Let a(t) = 15*t**2 + 4. Let n be a(-3). Suppose -11*q + n = -10*q. List the prime factors of q.
139
Let l(f) = f**3 - 24*f**2 - 23*f + 232. What are the prime factors of l(26)?
2, 17, 29
Let x(i) = -i**2 + 5*i + 3. Suppose -a - 41 + 7 = -5*l, 0 = 4*l + 4*a - 32. Let y be x(l). Let g = 7 - y. What are the prime factors of g?
2, 3
Let k = -16 + 18. Suppose k*m - 216 = 6*m. What are the prime factors of 1/(-3*1/m)?
2, 3
Let x(c) = c**3 + c**2 + c - 21. Let r(u) = -2*u + 4. Let v be r(2). Let n be x(v). Let m = n - -32. What are the prime factors of m?
11
Let v = -8 - -10. Suppose 52 = v*f + 2*f. Let q = 39 - f. List the prime factors of q.
2, 13
List the prime factors of (-2)/(4732/1580 - 3).
5, 79
What are the prime factors of (9*(-2)/5)/((-13)/1170)?
2, 3
Suppose 8*h - 19174 + 2638 = 0. List the prime factors of h.
3, 13, 53
Suppose 0 = -q + 6*q - 2*r + 37, -q - 4*r - 25 = 0. Let z be q/((-18)/4) + 0. Suppose -z*p + 33 = -29. What are the prime factors of p?
31
What are the prime factors of (416/260)/((-4)/(-6290))?
2, 17, 37
Suppose 4*a + 11 = 27. Suppose a*k + 44 = -8. Let m(o) = -o + 17. What are the prime factors of m(k)?
2, 3, 5
Let s = -326 - -470. Let c = s + -72. What are the prime factors of c?
2, 3
Let a = 70 - 64. Let p(l) = -l**3 + 8*l**2 - 6*l + 8. List the prime factors of p(a).
2, 11
Suppose -35 = 2*w - 59. Let g(n) = 11 + 0*n + n + n. What are the prime factors of g(w)?
5, 7
Let o = -53 + 290. Suppose -2*i - i = -o. What are the prime factors of i?
79
What are the prime factors of 477 - (3 + -6 + 4)?
2, 7, 17
Let j = 57 - 28. Suppose 0 = 2*l - j - 145. What are the prime factors of l?
3, 29
Let k = -3 - -8. Let o(l) = l**3 - 3*l**2 + 7*l - 1. List the prime factors of o(k).
2, 3, 7
Let b(o) be the second derivative of 5*o**3/2 + 5*o**2/2 - 4*o. List the prime factors of b(5).
2, 5
List the prime factors of ((-14)/4)/(56/(-672)).
2, 3, 7
What are the prime factors of (11*-1)/(32/(-352))?
11
Let t(u) = 4*u**3 - 2*u**3 + 6*u + u**3 - 10 - 7*u**2 - 2*u**3. Let g(w) = -w + 1. Let s be g(-6). What are the prime factors of t(s)?
2
Let p be 24/40*(9 - -1). Let o be 8/(-3) + p/9. What are the prime factors of 14 + 1*(-1 - o)?
3, 5
Let j(a) be the first derivative of a**4/4 + 10*a**3/3 + 9*a**2/2 - a + 13. What are the prime factors of j(-7)?
83
Let j(p) = p**2 + 7*p + 6. Let w be j(-6). Let n = w - -4. Suppose -n*g + 59 = 3*s, -96 = -2*s - 2*s - g. What are the prime factors of s?
5
Suppose 65*i - 66*i - 3*r = -2822, -3*i - r + 8474 = 0. What are the prime factors of i?
5, 113
Let s(v) = -v**2 - 5*v + 3. Let l be s(3). Let n = l - -23. Suppose 6*w - 72 = n*w. List the prime factors of w.
2, 3
Let k(z) = z**3 - 10*z**2 - z + 13. Let w be k(10). Suppose w*h - 40 - 23 = 5*a, 15 = 5*a. Let r = h - 15